
Let z(b) = -7*b - 3*b**2 + b**2 + 9 + b**2 + 2*b**2. Let i be z(6). Suppose -i*x = 2*x - 35. What is the highest common factor of x and 56?
7
Let m = 242 - 152. Calculate the greatest common divisor of m and 10.
10
Let p = 96 + -70. Calculate the greatest common factor of 65 and p.
13
Suppose 4*y = 24 + 40. Let h be 0 + 2 + -2 + y. What is the greatest common divisor of 24 and h?
8
Let w(q) = q**3 - q**2 + q. Let c(v) = -4*v**3 + 4*v**2 - 2*v + 60. Let j(t) = c(t) + 3*w(t). Let h be j(0). What is the greatest common factor of 6 and h?
6
Let i = -11 - -29. Calculate the greatest common divisor of 144 and i.
18
Let v(x) = -7*x - 4. Let g be v(-4). Suppose -s + 2*d - 16 + 32 = 0, 0 = -5*d. Calculate the greatest common factor of g and s.
8
Let w be 11/(5 + (-2 - 2)). What is the highest common divisor of w and 11?
11
Suppose 0 = -4*i - 8, 0 = -3*v + 2*i + 2*i + 35. Let a be 18*(39/v + -1). What is the greatest common divisor of a and 24?
12
Suppose 2*z - 50 = -3*z. Let p(s) = 5*s**2 - 6*s + 6. Let x be p(6). Suppose -r = -4*r + x. What is the highest common factor of r and z?
10
Suppose -2*u + i + 0*i = -593, -4*i = -3*u + 887. Let l = 24 - -3. What is the greatest common divisor of u and l?
27
Suppose -3*m + 5*x + 27 = 0, 3*m - 5*x + 3 = -10*x. What is the highest common factor of 8 and m?
4
Let n(w) = w + 11. Let r be n(-7). Suppose -2*t = -4*h - h - 135, -2*t = -r*h - 138. Suppose p = -3*p + 60. Calculate the greatest common factor of p and t.
15
Let t = -9 + 69. What is the greatest common factor of t and 30?
30
Suppose 3*t + 20 = 68. Suppose 4*l = 44 + t. Calculate the greatest common factor of l and 3.
3
Let c be (1 + -2 - 2) + 83. What is the greatest common factor of c and 10?
10
Let m = 66 - 46. What is the highest common divisor of 5 and m?
5
Let p = 0 + 1. Suppose -6 = -c + p. What is the greatest common factor of c and 56?
7
Let t = 21 + -11. Calculate the greatest common factor of t and 2.
2
Let b be (16/5)/(18/225). Let z = 46 + -26. What is the greatest common divisor of b and z?
20
Let y be 1202/6 + (-5)/15. Calculate the highest common divisor of 40 and y.
40
Suppose -5*o - 17 = 3*x + 20, 6 = 2*o - 4*x. Let d = 4 - o. Let c be -2 - (-46 + (-1 - 0)). Calculate the greatest common factor of d and c.
9
Let n(x) = -3*x**3 + 2*x**2 - 1. Let o be n(-1). Suppose o = w - 8. Calculate the greatest common divisor of w and 3.
3
Let g be ((-40)/(-5))/((-2)/(-75)). Suppose -2*x - 3*x + g = 0. What is the highest common divisor of x and 24?
12
Suppose -40 = 27*q - 32*q. Calculate the highest common divisor of 8 and q.
8
Suppose -2 - 4 = -3*t. Suppose 2 + t = 2*c. Suppose c = -2*z, -3*z = 5*u - 527 + 80. Calculate the highest common factor of 18 and u.
18
Let p = -12 - -27. Suppose f - 4*f - 3 = 0. Let c = f + 7. Calculate the greatest common divisor of p and c.
3
Let q(d) = -7*d + d - 10 - 4*d. Let h be q(-13). What is the highest common divisor of h and 12?
12
Suppose 6*s + 7 = 7*s. Calculate the greatest common factor of 7 and s.
7
Suppose 2*g = -g + 108. Let p = -1096 - -1544. Suppose -4*z + 358 = -o, z = 6*z - o - p. What is the greatest common divisor of g and z?
18
Let w be 4*-1*84/(-24). What is the highest common divisor of w and 112?
14
Let q = 16 - 15. Let f(i) = 35*i - 1. Let k be f(q). Calculate the highest common factor of 136 and k.
34
Suppose o = 6*o - 5*f - 630, 4*o - 504 = -3*f. Calculate the greatest common divisor of o and 18.
18
Suppose -u = 4*w + 3*u + 12, -5 = u. Calculate the highest common factor of w and 8.
2
Let g be (5 - 3) + (-4)/2. Suppose g = -k - 1 + 5. Let o be 26/22 + k/(-22). What is the greatest common divisor of o and 1?
1
Suppose -243 = 16*r - 1107. Suppose -18 = 4*v - 5*v. What is the greatest common factor of v and r?
18
Suppose -25 = -x + 3*s, 0 = -2*x - 2*s + 24 + 34. Let m = -16 + x. What is the highest common divisor of m and 12?
12
Let x = -2 - -4. Suppose 2*t - 280 = -4*g, 4*t + 282 = 6*t + x*g. Suppose 2*l = -4*u + 2*u + t, -2*l + 139 = 5*u. What is the greatest common factor of l and 8?
8
Let p = -17 + 18. Calculate the greatest common divisor of 3 and p.
1
Suppose -3*x = -179 - 160. Let g = 289 - x. Suppose 2*y = -6, -4*w + 24 + 52 = -4*y. Calculate the highest common divisor of g and w.
16
Suppose -17 = 4*u - 21. What is the greatest common factor of u and 3?
1
Let r(g) = 5*g**2 + 3*g + 2. Let n be r(-5). Suppose 0 = -9*k + 4*k + 70. What is the highest common factor of n and k?
14
Let u(x) = 5*x + 5. Let q be u(2). What is the highest common factor of 5 and q?
5
Let d(t) = -t**2 + 10*t - 7. Let z be d(5). Suppose 4 + 16 = 5*y. Let a be (-2)/y*8/(-2). Calculate the highest common factor of a and z.
2
Let u = 10 + -7. Suppose 4*z - m - 240 = -65, -u*m + 15 = 0. What is the highest common divisor of 15 and z?
15
Suppose 2*p - 5*h - 12 = -3, -3*h = p + 1. Suppose 0 = -x - p*x - 6. Let k be ((-55)/(-4))/(x/(-8)). Calculate the greatest common factor of k and 11.
11
Let j = -192 - -194. What is the greatest common divisor of 18 and j?
2
Let w(a) = 4*a - 5. Let q be w(4). Calculate the highest common divisor of 33 and q.
11
Suppose -64 = 4*s - 4*p, -3*s - 2*p - 2*p = 69. Let i = s + 29. Calculate the greatest common factor of i and 25.
5
Let a = -18 - -21. Let q = a + 0. What is the highest common divisor of 33 and q?
3
Let h(r) = 7*r - 4. Let v be h(3). Calculate the highest common factor of v and 17.
17
Let r(y) = y**2 + 3*y + 4. Let n be r(-6). What is the highest common factor of 176 and n?
22
Let z(a) = -15*a + 6. Let g(j) = -3*j + 1. Let i(o) = -33*g(o) + 6*z(o). Let b = 1 - -2. Let s be i(b). Calculate the highest common factor of s and 10.
10
Let h(a) = -a**2 + 9. Let c be h(0). Let r(k) = -3*k - 6. Let v be r(-5). What is the greatest common divisor of v and c?
9
Let t = -190 + 281. Calculate the greatest common divisor of t and 7.
7
Suppose -4*z = -h + 15, -3*h = -2*h - 3*z - 15. What is the greatest common factor of 45 and h?
15
Let r = 68 + 124. Calculate the greatest common factor of r and 24.
24
Suppose -4*j - 8 = 4, -269 = -5*z - 2*j. Let g = 9 - 4. Calculate the greatest common factor of g and z.
5
Suppose -4 - 4 = -4*m. Suppose -m*i + 320 = 2*i. Calculate the greatest common divisor of i and 10.
10
Let l(r) be the third derivative of 3*r**4/4 + 4*r**3/3 - 10*r**2. Let o be l(5). Calculate the highest common divisor of o and 14.
14
Let n = 18 + -23. Let o be 222/4 + n/10. What is the highest common factor of 11 and o?
11
Suppose -6 = 5*w - 16. What is the greatest common divisor of w and 46?
2
Suppose 0*u + 66 = 2*u. Let a = u - 116. Let b = 149 + a. What is the highest common factor of 6 and b?
6
Suppose -5*k + 25 = 0, -3*n - k + 52 = k. What is the highest common factor of 126 and n?
14
Let g = 154 + -152. What is the highest common factor of g and 2?
2
Suppose 2*c - c - 69 = -2*x, -3*x - 5*c + 93 = 0. What is the highest common divisor of 9 and x?
9
Let j(z) = 26*z**3 - 4*z**2 + 4*z - 3. Let g be j(3). Suppose 2*q - 7*q = -g. Suppose 3*k - 42 = 3. Calculate the greatest common divisor of k and q.
15
Let j(u) = -u - 1. Let x be j(-16). Calculate the greatest common factor of x and 45.
15
Let c(z) = 28*z - 8. Let j(n) = 27*n - 9. Let r(u) = 6*c(u) - 5*j(u). Let i be r(2). What is the highest common divisor of i and 42?
21
Let t(u) = u**2 + 21*u - 14. Let d be t(-12). Let q = d + 242. Calculate the greatest common factor of 12 and q.
12
Let d be (2 + -1 - 0) + 53. Let z be (27/(-12))/((-3)/8). Calculate the highest common divisor of d and z.
6
Suppose 0 = -3*c - c + 224. Let v be -2*(4 + 9 + 2). Let o = v - -37. Calculate the highest common divisor of o and c.
7
Let i(o) = o**3 + 3. Let x be i(0). Suppose -q - 15 = -2*s, -s - x*q = q + 15. Calculate the greatest common factor of 25 and s.
5
Suppose -2*a = 3*s + a - 24, -2*s = -a - 7. Let r = 32 + -27. Calculate the greatest common divisor of r and s.
5
Let g(w) = -w**3 + 6*w**2 - 3*w - 3. Let p be g(5). Suppose -3*j = -p*j + 24. What is the highest common divisor of j and 9?
3
Let h be -4*1*(-3 + 0). Calculate the greatest common factor of 132 and h.
12
Let m be 57 - 0 - (-5)/(-5). Let o(q) = -q**2 - 4*q + 4. Let a be o(-3). Calculate the greatest common divisor of a and m.
7
Let j = -9 + 10. What is the highest common divisor of